s divided by 135.
134
What is the remainder when 5997 is divided by 80?
77
Calculate the remainder when 3076 is divided by 17.
16
What is the remainder when 332 is divided by 88?
68
Calculate the remainder when 201 is divided by 26.
19
Calculate the remainder when 167 is divided by 54.
5
Calculate the remainder when 373 is divided by 9.
4
Calculate the remainder when 647 is divided by 21.
17
Calculate the remainder when 393 is divided by 99.
96
Calculate the remainder when 1678 is divided by 12.
10
What is the remainder when 211 is divided by 43?
39
What is the remainder when 266 is divided by 83?
17
What is the remainder when 56 is divided by 21?
14
Calculate the remainder when 134 is divided by 51.
32
What is the remainder when 643 is divided by 634?
9
What is the remainder when 239 is divided by 30?
29
Calculate the remainder when 2006 is divided by 667.
5
What is the remainder when 2813 is divided by 22?
19
What is the remainder when 152 is divided by 54?
44
What is the remainder when 85 is divided by 29?
27
What is the remainder when 434 is divided by 55?
49
Calculate the remainder when 3869 is divided by 16.
13
What is the remainder when 5397 is divided by 9?
6
Calculate the remainder when 3118 is divided by 78.
76
What is the remainder when 341 is divided by 96?
53
Calculate the remainder when 2449 is divided by 98.
97
What is the remainder when 3966 is divided by 27?
24
What is the remainder when 222 is divided by 114?
108
Calculate the remainder when 470 is divided by 19.
14
What is the remainder when 6523 is divided by 32?
27
What is the remainder when 69 is divided by 7?
6
What is the remainder when 2217 is divided by 22?
17
What is the remainder when 1021 is divided by 7?
6
What is the remainder when 6833 is divided by 91?
8
What is the remainder when 83 is divided by 28?
27
What is the remainder when 458 is divided by 19?
2
Calculate the remainder when 1143 is divided by 279.
27
Calculate the remainder when 193 is divided by 5.
3
What is the remainder when 6431 is divided by 39?
35
Calculate the remainder when 1727 is divided by 27.
26
Calculate the remainder when 15493 is divided by 15.
13
Calculate the remainder when 19657 is divided by 20.
17
Calculate the remainder when 7005 is divided by 19.
13
What is the remainder when 2435 is divided by 485?
10
Calculate the remainder when 115 is divided by 25.
15
Calculate the remainder when 360 is divided by 37.
27
What is the remainder when 1581 is divided by 69?
63
Calculate the remainder when 225 is divided by 54.
9
Calculate the remainder when 51 is divided by 11.
7
Calculate the remainder when 704 is divided by 173.
12
Calculate the remainder when 138 is divided by 47.
44
What is the remainder when 724 is divided by 234?
22
Calculate the remainder when 76 is divided by 37.
2
What is the remainder when 528 is divided by 194?
140
What is the remainder when 449 is divided by 75?
74
Calculate the remainder when 118 is divided by 72.
46
Calculate the remainder when 621 is divided by 39.
36
What is the remainder when 456 is divided by 22?
16
Calculate the remainder when 250 is divided by 179.
71
Calculate the remainder when 1139 is divided by 30.
29
What is the remainder when 570 is divided by 83?
72
Calculate the remainder when 540 is divided by 20.
0
Calculate the remainder when 86 is divided by 34.
18
Calculate the remainder when 1785 is divided by 194.
39
Calculate the remainder when 88 is divided by 6.
4
What is the remainder when 659 is divided by 55?
54
Calculate the remainder when 3664 is divided by 19.
16
Calculate the remainder when 1345 is divided by 56.
1
Calculate the remainder when 1122 is divided by 45.
42
Calculate the remainder when 353 is divided by 172.
9
Calculate the remainder when 184 is divided by 21.
16
Calculate the remainder when 51 is divided by 6.
3
What is the remainder when 83 is divided by 10?
3
Calculate the remainder when 70 is divided by 48.
22
What is the remainder when 22 is divided by 6?
4
What is the remainder when 27 is divided by 4?
3
What is the remainder when 335 is divided by 162?
11
What is the remainder when 1664 is divided by 53?
21
What is the remainder when 1033 is divided by 44?
21
Calculate the remainder when 2125 is divided by 112.
109
What is the remainder when 108 is divided by 27?
0
What is the remainder when 710 is divided by 8?
6
What is the remainder when 96 is divided by 7?
5
What is the remainder when 161 is divided by 60?
41
Calculate the remainder when 49 is divided by 27.
22
Calculate the remainder when 269 is divided by 32.
13
Calculate the remainder when 183 is divided by 8.
7
Calculate the remainder when 10709 is divided by 210.
209
What is the remainder when 249 is divided by 17?
11
What is the remainder when 461 is divided by 95?
81
Calculate the remainder when 2470 is divided by 13.
0
What is the remainder when 525 is divided by 44?
41
Calculate the remainder when 90 is divided by 49.
41
Calculate the remainder when 246 is divided by 4.
2
Calculate the remainder when 3914 is divided by 651.
8
What is the remainder when 395 is divided by 21?
17
Calculate the remainder when 3205 is divided by 107.
102
What is the remainder when 288 is divided by 84?
36
Calculate the remainder when 458 is divided by 21.
17
What is the remainder when 276 is divided by 28?
24
What is the remainder when 170 is divided by 6?
2
What is the remainder when 211 is divided by 27?
22
What is the remainder when 156 is divided by 53?
50
Calculate the remainder when 821 is divided by 118.
113
What is the remainder when 309 is divided by 271?
38
Calculate the remainder when 55 is divided by 14.
13
What is the remainder when 4520 is divided by 156?
152
What is the remainder when 438 is divided by 81?
33
Calculate the remainder when 1946 is divided by 5.
1
Calculate the remainder when 3073 is divided by 25.
23
Calculate the remainder when 75 is divided by 28.
19
Calculate the remainder when 149 is divided by 38.
35
What is the remainder when 39 is divided by 27?
12
What is the remainder when 411 is divided by 78?
21
What is the remainder when 7566 is divided by 47?
46
Calculate the remainder when 1484 is divided by 15.
14
Calculate the remainder when 11729 is divided by 69.
68
Calculate the remainder when 468 is divided by 25.
18
What is the remainder when 68 is divided by 23?
22
Calculate the remainder when 185 is divided by 17.
15
What is the remainder when 745 is divided by 44?
41
Calculate the remainder when 119 is divided by 85.
34
What is the remainder when 411 is divided by 405?
6
Calculate the remainder when 1853 is divided by 29.
26
Calculate the remainder when 103 is divided by 15.
13
Calculate the remainder when 230 is divided by 220.
10
Calculate the remainder when 349 is divided by 10.
9
What is the remainder when 1139 is divided by 36?
23
Calculate the remainder when 58 is divided by 5.
3
Calculate the remainder when 950 is divided by 28.
26
What is the remainder when 94 is divided by 35?
24
Calculate the remainder when 2124 is divided by 8.
4
Calculate the remainder when 133 is divided by 20.
13
Calculate the remainder when 1034 is divided by 319.
77
What is the remainder when 683 is divided by 17?
3
What is the remainder when 848 is divided by 216?
200
Calculate the remainder when 63 is divided by 10.
3
What is the remainder when 614 is divided by 159?
137
Calculate the remainder when 2933 is divided by 18.
17
What is the remainder when 61 is divided by 11?
6
Calculate the remainder when 63 is divided by 24.
15
What is the remainder when 86 is divided by 59?
27
Calculate the remainder when 835 is divided by 21.
16
Calculate the remainder when 374 is divided by 372.
2
What is the remainder when 456 is divided by 61?
29
Calculate the remainder when 542 is divided by 68.
66
What is the remainder when 70199 is divided by 52?
51
What is the remainder when 403 is divided by 14?
11
Calculate the remainder when 592 is divided by 17.
14
Calculate the remainder when 657 is divided by 21.
6
What is the remainder when 34 is divided by 24?
10
What is the remainder when 655 is divided by 133?
123
What is the remainder when 271 is divided by 95?
81
Calculate the remainder when 154 is divided by 91.
63
What is the remainder when 4786 is divided by 14?
